029111?
17, 178183
List the prime factors of 4095584.
2, 131, 977
List the prime factors of 24224336.
2, 23, 65827
List the prime factors of 3586782.
2, 3, 19, 73, 431
What are the prime factors of 70820?
2, 5, 3541
List the prime factors of 487261.
487261
What are the prime factors of 549457?
17, 32321
What are the prime factors of 7922650?
2, 5, 193, 821
What are the prime factors of 1048597?
11, 95327
What are the prime factors of 867946?
2, 37, 317
List the prime factors of 241682.
2, 7, 61, 283
What are the prime factors of 2996876?
2, 749219
What are the prime factors of 9059306?
2, 4529653
What are the prime factors of 4768140?
2, 3, 5, 13, 6113
List the prime factors of 7610109.
3, 13, 195131
What are the prime factors of 328553?
101, 3253
What are the prime factors of 111189?
3, 13, 2851
What are the prime factors of 436291?
436291
What are the prime factors of 142112?
2, 4441
What are the prime factors of 952744?
2, 13, 9161
What are the prime factors of 959904?
2, 3, 11, 101
List the prime factors of 2322603.
3, 258067
List the prime factors of 308483.
7, 127, 347
List the prime factors of 6387551.
113, 56527
What are the prime factors of 955143?
3, 7, 15161
List the prime factors of 491122.
2, 245561
What are the prime factors of 7507735?
5, 31, 48437
List the prime factors of 8135145.
3, 5, 293, 617
What are the prime factors of 164256?
2, 3, 29, 59
What are the prime factors of 543276?
2, 3, 15091
What are the prime factors of 2606019?
3, 13, 66821
What are the prime factors of 286714?
2, 143357
What are the prime factors of 44022?
2, 3, 11, 23, 29
What are the prime factors of 5498343?
3, 179, 3413
List the prime factors of 492002.
2, 7, 113, 311
What are the prime factors of 8470530?
2, 3, 5, 94117
List the prime factors of 232806.
2, 3, 7, 23, 241
List the prime factors of 648871.
648871
What are the prime factors of 2464155?
3, 5, 18253
What are the prime factors of 3365270?
2, 5, 336527
What are the prime factors of 17687977?
941, 18797
List the prime factors of 8957577.
3, 139, 21481
List the prime factors of 21834082.
2, 10917041
List the prime factors of 7709191.
7, 491, 2243
List the prime factors of 1346907.
3, 448969
What are the prime factors of 710111?
157, 4523
List the prime factors of 372723.
3, 13, 19, 503
List the prime factors of 13472207.
7, 274943
What are the prime factors of 2308311?
3, 17, 47, 107
List the prime factors of 172326.
2, 3, 7, 11, 373
List the prime factors of 28951.
13, 17, 131
List the prime factors of 3682042.
2, 7, 13, 20231
List the prime factors of 155476.
2, 47, 827
List the prime factors of 409677.
3, 136559
What are the prime factors of 282422?
2, 7, 20173
List the prime factors of 284991.
3, 7, 41, 331
What are the prime factors of 85801?
239, 359
What are the prime factors of 4819361?
37, 130253
What are the prime factors of 18318546?
2, 3, 19, 29, 1847
What are the prime factors of 414030?
2, 3, 5, 37, 373
What are the prime factors of 1110228?
2, 3, 7, 13217
What are the prime factors of 956405?
5, 191281
List the prime factors of 3336845.
5, 17, 37, 1061
List the prime factors of 33657565.
5, 109, 61757
What are the prime factors of 1207995?
3, 5, 29, 2777
What are the prime factors of 574958?
2, 71, 4049
What are the prime factors of 1470401?
1470401
What are the prime factors of 2588416?
2, 10111
What are the prime factors of 5091455?
5, 1018291
List the prime factors of 4080341.
4080341
What are the prime factors of 138956?
2, 34739
What are the prime factors of 363859?
197, 1847
What are the prime factors of 28630391?
31, 923561
List the prime factors of 206597.
206597
What are the prime factors of 5685420?
2, 3, 5, 13, 37, 197
List the prime factors of 13834019.
13834019
What are the prime factors of 685629?
3, 7, 10883
What are the prime factors of 919611?
3, 7, 11, 1327
List the prime factors of 276391.
23, 61, 197
List the prime factors of 14662469.
2591, 5659
List the prime factors of 242664.
2, 3, 10111
What are the prime factors of 33830869?
33830869
List the prime factors of 411834.
2, 3, 68639
List the prime factors of 161604.
2, 3, 67
What are the prime factors of 590057?
13, 45389
What are the prime factors of 987118?
2, 11, 4079
List the prime factors of 13880850.
2, 3, 5, 29, 3191
List the prime factors of 251259.
3, 61, 1373
What are the prime factors of 5788526?
2, 2894263
What are the prime factors of 258538?
2, 7, 59, 313
List the prime factors of 5412229.
5412229
List the prime factors of 914964.
2, 3, 19, 4013
What are the prime factors of 1682831?
1682831
List the prime factors of 668016.
2, 3, 4639
List the prime factors of 239212.
2, 79, 757
What are the prime factors of 285607?
7, 40801
List the prime factors of 202267.
13, 15559
What are the prime factors of 69561?
3, 59, 131
What are the prime factors of 20545192?
2, 109, 23561
What are the prime factors of 2726361?
3, 11, 27539
List the prime factors of 6012081.
3, 668009
List the prime factors of 157580.
2, 5, 7879
What are the prime factors of 40145?
5, 7, 31, 37
List the prime factors of 304063.
304063
What are the prime factors of 668701?
11, 31, 37, 53
List the prime factors of 547816.
2, 68477
List the prime factors of 1947442.
2, 7, 113, 1231
List the prime factors of 9248342.
2, 4624171
What are the prime factors of 135442?
2, 241, 281
List the prime factors of 5849464.
2, 731183
List the prime factors of 596511.
3, 22093
What are the prime factors of 1091782?
2, 83, 6577
List the prime factors of 43977.
3, 107, 137
List the prime factors of 2692230.
2, 3, 5, 43, 2087
What are the prime factors of 20617533?
3, 521, 4397
List the prime factors of 350107.
350107
What are the prime factors of 359125?
5, 13, 17
List the prime factors of 282322.
2, 141161
What are the prime factors of 426027?
3, 7, 20287
List the prime factors of 1135798.
2, 567899
List the prime factors of 11455209.
3, 424267
What are the prime factors of 2267844?
2, 3, 47, 4021
List the prime factors of 603124.
2, 131, 1151
List the prime factors of 40849.
40849
List the prime factors of 185638.
2, 101, 919
List the prime factors of 3760325.
5, 150413
What are the prime factors of 411157?
411157
What are the prime factors of 110176?
2, 11, 313
What are the prime factors of 714619?
714619
List the prime factors of 425231.
61, 6971
What are the prime factors of 286466?
2, 43, 3331
What are the prime factors of 4745706?
2, 3, 7, 19, 313
List the prime factors of 4790077.
2089, 2293
What are the prime factors of 2527120?
2, 5, 31, 1019
List the prime factors of 2114208.
2, 3, 2447
List the prime factors of 113546.
2, 56773
What are the prime factors of 10553347?
7, 827, 1823
List the prime factors of 255286.
2, 127643
List the prime factors of 80016.
2, 3, 1667
List the prime factors of 12961697.
7, 1851671
List the prime factors of 6974205.
3, 5, 7, 127, 523
What are the prime factors of 292108?
2, 103, 709
What are the prime factors of 766681?
67, 11443
List the prime factors of 7879887.
3, 875543
What are the prime factors of 2585380?
2, 5, 7, 59, 313
List the prime factors of 87791.
11, 23, 347
List the prime factors of 288612.
2, 3, 8017
What are the prime factors of 5675746?
2, 2837873
What are the prime factors of 998127?
3, 13, 19, 449
List the prime factors of 341847.
3, 11, 1151
What are the prime factors of 894794?
2, 59, 7583
List the prime factors of 26515516.
2, 6628879
What are the prime factors of 1682547?
3, 43, 13043
What are the prime factors of 274046?
2, 263, 521
List the prime factors of 5717229.
3, 7, 272249
What are the prime factors of 831677?
7, 11, 1543
List the prime factors of 1579048.
2, 197381
What are the prime factors of 1598286?
2, 3, 266381
What are the prime factors of 9215373?
3, 43, 71437
What are the prime factors of 1821117?
3, 23, 26393
List the prime factors of 351536.
2, 127, 173
List the prime factors of 4817163.
3, 13, 123517
What are the prime factors of 11697?
3, 7, 557
What are the prime factors of 669559?
11, 60869
List the prime factors of 16383856.
2, 1023991
List the prime factors of 7441098.
2, 3, 7, 23, 7703
What are the prime factors of 12457020?
2, 3, 5, 191, 1087
List the prime factors of 390430.
2, 5, 39043
List the prime factors of 7117375.
5, 97, 587
List the prime fac